igit of 867681?
8
What is the tens digit of 206999?
9
What is the units digit of 1340967?
7
What is the units digit of 5744372?
2
What is the units digit of 3159902?
2
What is the hundreds digit of 10759033?
0
What is the units digit of 29159710?
0
What is the units digit of 1996180?
0
What is the ten thousands digit of 12283492?
8
What is the tens digit of 2472844?
4
What is the thousands digit of 235853?
5
What is the thousands digit of 629598?
9
What is the millions digit of 17725129?
7
What is the hundreds digit of 46362?
3
What is the hundreds digit of 119964?
9
What is the thousands digit of 3679?
3
What is the ten thousands digit of 1554381?
5
What is the hundreds digit of 1286809?
8
What is the units digit of 353704?
4
What is the units digit of 7438036?
6
What is the units digit of 1243530?
0
What is the ten thousands digit of 175680?
7
What is the thousands digit of 1426920?
6
What is the hundred thousands digit of 200358?
2
What is the ten thousands digit of 4127138?
2
What is the hundred thousands digit of 10852641?
8
What is the thousands digit of 524144?
4
What is the hundreds digit of 6418064?
0
What is the hundred thousands digit of 1867548?
8
What is the hundred thousands digit of 1083026?
0
What is the hundred thousands digit of 293459?
2
What is the millions digit of 2165426?
2
What is the thousands digit of 88118?
8
What is the ten thousands digit of 695211?
9
What is the hundreds digit of 408934?
9
What is the tens digit of 1828678?
7
What is the hundreds digit of 10137718?
7
What is the hundred thousands digit of 1782730?
7
What is the tens digit of 34212?
1
What is the ten thousands digit of 525396?
2
What is the thousands digit of 237303?
7
What is the units digit of 58733?
3
What is the tens digit of 801448?
4
What is the thousands digit of 988060?
8
What is the units digit of 11474448?
8
What is the hundred thousands digit of 9020335?
0
What is the millions digit of 1104548?
1
What is the hundreds digit of 319255?
2
What is the millions digit of 3077865?
3
What is the thousands digit of 51712?
1
What is the hundreds digit of 1522530?
5
What is the ten thousands digit of 135638?
3
What is the tens digit of 7319603?
0
What is the ten thousands digit of 11645859?
4
What is the hundred thousands digit of 1714429?
7
What is the ten thousands digit of 540456?
4
What is the hundred thousands digit of 1676677?
6
What is the millions digit of 11496388?
1
What is the tens digit of 698554?
5
What is the thousands digit of 3681349?
1
What is the units digit of 21287915?
5
What is the ten thousands digit of 523385?
2
What is the units digit of 315396?
6
What is the hundreds digit of 5623206?
2
What is the hundreds digit of 3145534?
5
What is the ten thousands digit of 449315?
4
What is the millions digit of 4774053?
4
What is the tens digit of 5261992?
9
What is the hundred thousands digit of 212191?
2
What is the units digit of 117364?
4
What is the tens digit of 87451?
5
What is the units digit of 737338?
8
What is the tens digit of 317406?
0
What is the thousands digit of 15386433?
6
What is the ten thousands digit of 5508640?
0
What is the tens digit of 11177266?
6
What is the hundreds digit of 25241214?
2
What is the ten millions digit of 16521605?
1
What is the ten thousands digit of 587563?
8
What is the hundreds digit of 11640556?
5
What is the tens digit of 6476441?
4
What is the units digit of 461483?
3
What is the hundred thousands digit of 7260241?
2
What is the thousands digit of 1847?
1
What is the hundreds digit of 1599565?
5
What is the hundreds digit of 662993?
9
What is the ten millions digit of 10444296?
1
What is the hundreds digit of 280193?
1
What is the ten thousands digit of 2278397?
7
What is the hundreds digit of 2072542?
5
What is the hundreds digit of 147548?
5
What is the tens digit of 16147700?
0
What is the hundred thousands digit of 7915855?
9
What is the ten thousands digit of 9797590?
9
What is the thousands digit of 9319678?
9
What is the thousands digit of 1054762?
4
What is the thousands digit of 1398412?
8
What is the thousands digit of 26545958?
5
What is the units digit of 399087?
7
What is the hundreds digit of 218553?
5
What is the millions digit of 9953329?
9
What is the hundreds digit of 67628?
6
What is the hundred thousands digit of 2118218?
1
What is the hundred thousands digit of 268562?
2
What is the units digit of 823161?
1
What is the thousands digit of 2153522?
3
What is the hundred thousands digit of 31495701?
4
What is the tens digit of 193025?
2
What is the thousands digit of 16120798?
0
What is the millions digit of 41790242?
1
What is the hundred thousands digit of 268640?
2
What is the ten thousands digit of 1308091?
0
What is the thousands digit of 197103?
7
What is the hundreds digit of 66239?
2
What is the thousands digit of 1342609?
2
What is the units digit of 18695530?
0
What is the hundred thousands digit of 4684130?
6
What is the hundreds digit of 14022144?
1
What is the units digit of 18852?
2
What is the hundreds digit of 5116292?
2
What is the units digit of 870768?
8
What is the units digit of 97989?
9
What is the units digit of 176249?
9
What is the units digit of 1507788?
8
What is the ten thousands digit of 378170?
7
What is the hundreds digit of 64478?
4
What is the hundreds digit of 3805536?
5
What is the hundreds digit of 88390?
3
What is the millions digit of 1187851?
1
What is the units digit of 179720?
0
What is the tens digit of 106212?
1
What is the ten thousands digit of 11088368?
8
What is the thousands digit of 95579?
5
What is the units digit of 1603564?
4
What is the units digit of 690686?
6
What is the hundreds digit of 16309304?
3
What is the millions digit of 20362731?
0
What is the units digit of 3023760?
0
What is the hundreds digit of 6760110?
1
What is the hundreds digit of 4508507?
5
What is the hundred thousands digit of 1945398?
9
What is the tens digit of 365288?
8
What is the tens digit of 902845?
4
What is the hundreds digit of 345006?
0
What is the tens digit of 771769?
6
What is the ten thousands digit of 104300?
0
What is the tens digit of 1690836?
3
What is the thousands digit of 130453?
0
What is the tens digit of 37473?
7
What is the hundreds digit of 374275?
2
What is the millions digit of 1720941?
1
What is the hundreds digit of 2254448?
4
What is the units digit of 3257516?
6
What is the units digit of 364062?
2
What is the tens digit of 4585694?
9
What is the ten thousands digit of 306669?
0
What is the thousands digit of 1251327?
1
What is the units digit of 839514?
4
What is the hundreds digit of 13721193?
1
What is the hundred thousands digit of 431978?
4
What is the ten millions digit of 11855622?
1
What is the hundred thousands digit of 651034?
6
What is the tens digit of 89991?
9
What is the units digit of 986?
6
What is the thousands digit of 3453255?
3
What is the ten thousands digit of 5642200?
4
What is the ten thousands digit of 1223549?
2
What is the hundred thousands digit of 6597061?
5
What is the tens digit of 234144?
4
What is the ten thousands digit of 7886783?
8
What is the tens digit of 2574369?
6
What is the units digit of 418007?
7
What is the units digit of 15884787?
7
What is the tens digit of 54350?
5
What is the ten thousands digit of 253401?
5
What is the units digit of 4424991?
1
What is the units digit of 1085809?
9
What is the ten thousands digit of 17760346?
6
What is the ten thousands digit of 1753353?
5
What is the tens digit of 340517?
1
What is the hundred thousands digit of 970506?
9
What is the hundred thousands digit of 1876226?
8
What is the hundreds digit of 1774539?
5
What is the units digit of 24162083?
3
What is the hundred thousands digit of 365799?
3
What is the units digit of 1874590?
0
What is the thousands digit of 3015562?
5
What is the hundreds digit of 92615?
6
What is the units digit of 139343?
3
What is the millions digit of 5437571?
5
What is the ten thousands digit of 8264229?
6
What is the hundreds digit of 1332661?
6
What is the millions digit of 17559130?
7
What is the hundred thousands digit of 11972375?
9
What is the hundred thousands digit of 2873342?
8
What is the tens digit of 1914598?
9
What is the tens digit of 33932727?
2
What is the hundred thousands dig